{"id":2659,"date":"2023-07-24T11:07:13","date_gmt":"2023-07-24T11:07:13","guid":{"rendered":"https:\/\/congressosbpo.com.br\/brasileiro2025\/?page_id=2659"},"modified":"2025-08-14T12:24:21","modified_gmt":"2025-08-14T12:24:21","slug":"politicas-de-desistencia","status":"publish","type":"page","link":"https:\/\/congressosbpo.com.br\/brasileiro2025\/politicas-de-desistencia\/","title":{"rendered":"Pol\u00edticas de desist\u00eancia"},"content":{"rendered":"\t\t<div data-elementor-type=\"wp-page\" data-elementor-id=\"2659\" class=\"elementor elementor-2659\">\n\t\t\t\t\t\t<section class=\"elementor-section elementor-top-section elementor-element elementor-element-0711b16 elementor-section-full_width elementor-section-height-default elementor-section-height-default\" data-id=\"0711b16\" data-element_type=\"section\" data-settings=\"{&quot;background_background&quot;:&quot;classic&quot;}\">\n\t\t\t\t\t\t\t<div class=\"elementor-background-overlay\"><\/div>\n\t\t\t\t\t\t\t<div class=\"elementor-container elementor-column-gap-extended\">\n\t\t\t\t\t<div class=\"elementor-column elementor-col-100 elementor-top-column elementor-element elementor-element-470a394\" data-id=\"470a394\" data-element_type=\"column\" data-settings=\"{&quot;background_background&quot;:&quot;classic&quot;}\">\n\t\t\t<div class=\"elementor-widget-wrap elementor-element-populated\">\n\t\t\t\t\t<div class=\"elementor-background-overlay\"><\/div>\n\t\t\t\t\t\t<section class=\"elementor-section elementor-inner-section elementor-element elementor-element-cafc111 elementor-section-boxed elementor-section-height-default elementor-section-height-default\" data-id=\"cafc111\" data-element_type=\"section\">\n\t\t\t\t\t\t\t<div class=\"elementor-background-overlay\"><\/div>\n\t\t\t\t\t\t\t<div class=\"elementor-container elementor-column-gap-default\">\n\t\t\t\t\t<div class=\"elementor-column elementor-col-33 elementor-inner-column elementor-element elementor-element-f8314ae\" data-id=\"f8314ae\" data-element_type=\"column\">\n\t\t\t<div class=\"elementor-widget-wrap elementor-element-populated\">\n\t\t\t\t\t\t<div class=\"elementor-element elementor-element-be3adf1 elementor-widget elementor-widget-image\" data-id=\"be3adf1\" data-element_type=\"widget\" data-widget_type=\"image.default\">\n\t\t\t\t<div class=\"elementor-widget-container\">\n\t\t\t\t\t\t\t\t\t\t\t\t\t\t\t<img fetchpriority=\"high\" decoding=\"async\" width=\"1080\" height=\"1080\" src=\"https:\/\/congressosbpo.com.br\/brasileiro2025\/wp-content\/uploads\/2025\/04\/Fundo-transparente.png\" class=\"attachment-full size-full wp-image-2827\" alt=\"\" srcset=\"https:\/\/congressosbpo.com.br\/brasileiro2025\/wp-content\/uploads\/2025\/04\/Fundo-transparente.png 1080w, https:\/\/congressosbpo.com.br\/brasileiro2025\/wp-content\/uploads\/2025\/04\/Fundo-transparente-300x300.png 300w, https:\/\/congressosbpo.com.br\/brasileiro2025\/wp-content\/uploads\/2025\/04\/Fundo-transparente-1024x1024.png 1024w, https:\/\/congressosbpo.com.br\/brasileiro2025\/wp-content\/uploads\/2025\/04\/Fundo-transparente-150x150.png 150w, https:\/\/congressosbpo.com.br\/brasileiro2025\/wp-content\/uploads\/2025\/04\/Fundo-transparente-768x768.png 768w, https:\/\/congressosbpo.com.br\/brasileiro2025\/wp-content\/uploads\/2025\/04\/Fundo-transparente-100x100.png 100w\" sizes=\"100vw\" \/>\t\t\t\t\t\t\t\t\t\t\t\t\t\t\t<\/div>\n\t\t\t\t<\/div>\n\t\t\t\t\t<\/div>\n\t\t<\/div>\n\t\t\t\t<div class=\"elementor-column elementor-col-33 elementor-inner-column elementor-element elementor-element-38ef22f\" data-id=\"38ef22f\" data-element_type=\"column\">\n\t\t\t<div class=\"elementor-widget-wrap elementor-element-populated\">\n\t\t\t\t\t\t<div class=\"elementor-element elementor-element-3c44737 eael_simple_menu_hamburger_disable_selected_menu_hide eael-simple-menu-hamburger-align-left eael-hamburger--tablet elementor-widget elementor-widget-eael-simple-menu\" data-id=\"3c44737\" data-element_type=\"widget\" data-widget_type=\"eael-simple-menu.default\">\n\t\t\t\t<div class=\"elementor-widget-container\">\n\t\t\t\t\t<style>\n                        @media screen and (max-width: 1024px) {\n                            .eael-hamburger--tablet {\n                                .eael-simple-menu-horizontal,\n                                .eael-simple-menu-vertical {\n                                    display: none;\n                                }\n                            }\n                            .eael-hamburger--tablet {\n                                .eael-simple-menu-container .eael-simple-menu-toggle {\n                                    display: block;\n                                }\n                            }\n                        }\n                    <\/style>            <div data-hamburger-icon=\"&lt;i aria-hidden=&quot;true&quot; class=&quot;fas fa-bars&quot;&gt;&lt;\/i&gt;\" data-indicator-icon=\"&lt;i aria-hidden=&quot;true&quot; class=&quot;fas fa-angle-down&quot;&gt;&lt;\/i&gt;\" data-dropdown-indicator-icon=\"&lt;i class=&quot;fas fa-angle-down&quot;&gt;&lt;\/i&gt;\" class=\"eael-simple-menu-container eael-simple-menu-align-right eael-simple-menu--stretch eael-simple-menu-dropdown-align-left preset-1\" data-hamburger-breakpoints=\"{&quot;mobile&quot;:&quot;Mobile ao alto (&gt; 767px)&quot;,&quot;tablet&quot;:&quot;Tablet Portrait (&gt; 1024px)&quot;,&quot;desktop&quot;:&quot;Desktop (&gt; 2400px)&quot;,&quot;none&quot;:&quot;None&quot;}\" data-hamburger-device=\"tablet\">\n                <ul id=\"menu-menu-congresso\" class=\"eael-simple-menu eael-simple-menu-dropdown-animate-zoom-in eael-simple-menu-indicator eael-hamburger-left eael-simple-menu-horizontal\"><li id=\"menu-item-957\" class=\"menu-item menu-item-type-post_type menu-item-object-page menu-item-home menu-item-957\"><a href=\"https:\/\/congressosbpo.com.br\/brasileiro2025\/\">IN\u00cdCIO<\/a><\/li>\n<li id=\"menu-item-2926\" class=\"menu-item menu-item-type-post_type menu-item-object-page menu-item-2926\"><a href=\"https:\/\/congressosbpo.com.br\/brasileiro2025\/programacao\/\">PROGRAMA\u00c7\u00c3O<\/a><\/li>\n<li id=\"menu-item-3189\" class=\"menu-item menu-item-type-custom menu-item-object-custom menu-item-has-children menu-item-3189\"><a href=\"https:\/\/congressosbpo.com.br\/brasileiro2025\/selecionar-inscricao\/\">INSCRI\u00c7\u00d5ES<\/a>\n<ul class=\"sub-menu\">\n\t<li id=\"menu-item-3537\" class=\"menu-item menu-item-type-post_type menu-item-object-page menu-item-3537\"><a href=\"https:\/\/congressosbpo.com.br\/brasileiro2025\/selecionar-inscricao\/\">Congresso<\/a><\/li>\n\t<li id=\"menu-item-3190\" class=\"menu-item menu-item-type-post_type menu-item-object-page menu-item-3190\"><a href=\"https:\/\/congressosbpo.com.br\/brasileiro2025\/inscricao-curso-pre-congresso\/\">Curso Pr\u00e9-congresso<\/a><\/li>\n\t<li id=\"menu-item-2949\" class=\"menu-item menu-item-type-post_type menu-item-object-page menu-item-2949\"><a href=\"https:\/\/congressosbpo.com.br\/brasileiro2025\/inscricao-prova-titulo\/\">Prova t\u00edtulo<\/a><\/li>\n<\/ul>\n<\/li>\n<li id=\"menu-item-2928\" class=\"menu-item menu-item-type-post_type menu-item-object-page menu-item-2928\"><a href=\"https:\/\/congressosbpo.com.br\/brasileiro2025\/submissao-trabalhos\/\">TRABALHOS CIENT\u00cdFICOS<\/a><\/li>\n<li id=\"menu-item-3457\" class=\"menu-item menu-item-type-post_type menu-item-object-page menu-item-3457\"><a href=\"https:\/\/congressosbpo.com.br\/brasileiro2025\/sugestao-hospedagem\/\">Sugest\u00e3o Hospedagem<\/a><\/li>\n<li id=\"menu-item-2054\" class=\"menu-item menu-item-type-custom menu-item-object-custom menu-item-2054\"><a href=\"https:\/\/sbpo.org.br\/associe-se\/\">ASSOCIAR SBPO<\/a><\/li>\n<li id=\"menu-item-3085\" class=\"menu-item menu-item-type-post_type menu-item-object-page menu-item-3085\"><a href=\"https:\/\/congressosbpo.com.br\/brasileiro2025\/politicas-de-desistencia\/\">POL\u00cdTICA DE DESIST\u00caNCIA<\/a><\/li>\n<li id=\"menu-item-3132\" class=\"menu-item menu-item-type-post_type menu-item-object-page menu-item-3132\"><a href=\"https:\/\/congressosbpo.com.br\/brasileiro2025\/sobre\/\">SOBRE<\/a><\/li>\n<\/ul>                <button class=\"eael-simple-menu-toggle\">\n                    <span class=\"sr-only \">Hamburger Toggle Menu<\/span>\n                    <i aria-hidden=\"true\" class=\"fas fa-bars\"><\/i>                <\/button>\n            <\/div>\n            \t\t\t\t<\/div>\n\t\t\t\t<\/div>\n\t\t\t\t\t<\/div>\n\t\t<\/div>\n\t\t\t\t<div class=\"elementor-column elementor-col-33 elementor-inner-column elementor-element elementor-element-7896f0f\" data-id=\"7896f0f\" data-element_type=\"column\">\n\t\t\t<div class=\"elementor-widget-wrap\">\n\t\t\t\t\t\t\t<\/div>\n\t\t<\/div>\n\t\t\t\t\t<\/div>\n\t\t<\/section>\n\t\t\t\t\t<\/div>\n\t\t<\/div>\n\t\t\t\t\t<\/div>\n\t\t<\/section>\n\t\t\t\t<section class=\"elementor-section elementor-top-section elementor-element elementor-element-27cd054b elementor-section-boxed elementor-section-height-default elementor-section-height-default\" data-id=\"27cd054b\" data-element_type=\"section\" data-settings=\"{&quot;background_background&quot;:&quot;classic&quot;}\">\n\t\t\t\t\t\t\t<div class=\"elementor-background-overlay\"><\/div>\n\t\t\t\t\t\t\t<div class=\"elementor-container elementor-column-gap-default\">\n\t\t\t\t\t<div class=\"elementor-column elementor-col-100 elementor-top-column elementor-element elementor-element-1ebb5dc1\" data-id=\"1ebb5dc1\" data-element_type=\"column\">\n\t\t\t<div class=\"elementor-widget-wrap elementor-element-populated\">\n\t\t\t\t\t\t<div class=\"elementor-element elementor-element-85d5f1a elementor-widget elementor-widget-text-editor\" data-id=\"85d5f1a\" data-element_type=\"widget\" data-widget_type=\"text-editor.default\">\n\t\t\t\t<div class=\"elementor-widget-container\">\n\t\t\t\t\t\t\t\t\t<h2 style=\"text-align: center;\"><b>Desist\u00eancia e Reembolso<\/b><\/h2><h3><b>Pol\u00edtica de devolu\u00e7\u00e3o\u00a0\u00a0<img decoding=\"async\" class=\"emoji\" role=\"img\" draggable=\"false\" src=\"https:\/\/s.w.org\/images\/core\/emoji\/14.0.0\/svg\/1f447-1f3fc.svg\" alt=\"\ud83d\udc47\ud83c\udffc\" \/><\/b><\/h3><p><strong>\u2022<\/strong> Em caso de comunica\u00e7\u00e3o e justificativa formal de desist\u00eancia de participa\u00e7\u00e3o, a devolu\u00e7\u00e3o de valores pagos ser\u00e1 efetuada at\u00e9 45 dias \u00fateis ap\u00f3s a realiza\u00e7\u00e3o do congresso.<\/p><p>\u2022 As devolu\u00e7\u00f5es seguir\u00e3o os seguintes crit\u00e9rios:<\/p><p><b>Sem justificativa<br \/><\/b>Poder\u00e1 ser solicitada a devolu\u00e7\u00e3o at\u00e9 30 (trinta) dias antes do in\u00edcio do Congresso<\/p><p><img decoding=\"async\" class=\"emoji\" role=\"img\" draggable=\"false\" src=\"https:\/\/s.w.org\/images\/core\/emoji\/14.0.0\/svg\/1f4cd.svg\" alt=\"\ud83d\udccd\" \/>50% do valor pago<\/p><p><b>Problemas de sa\u00fade<\/b><br \/>Poder\u00e1 ser solicitada a devolu\u00e7\u00e3o at\u00e9 05 (cinco) dias antes do in\u00edcio do Congresso<\/p><p><img decoding=\"async\" class=\"emoji\" role=\"img\" draggable=\"false\" src=\"https:\/\/s.w.org\/images\/core\/emoji\/14.0.0\/svg\/1f4cd.svg\" alt=\"\ud83d\udccd\" \/>80% do valor pago<\/p><p><b>Duplicidade de pagamento<\/b><\/p><p>Poder\u00e1 ser solicitada a devolu\u00e7\u00e3o at\u00e9 05 (cinco) dias antes do in\u00edcio do Congresso<\/p><p><img decoding=\"async\" class=\"emoji\" role=\"img\" draggable=\"false\" src=\"https:\/\/s.w.org\/images\/core\/emoji\/14.0.0\/svg\/1f4cd.svg\" alt=\"\ud83d\udccd\" \/>100% do valor pago<\/p><p><b>\u2022Sem justificativa <br \/><\/b>preenchimento do formul\u00e1rio de solicita\u00e7\u00e3o de devolu\u00e7\u00e3o da taxa de inscri\u00e7\u00e3o + c\u00f3pia do comprovante de pagamento.<\/p><p><b>\u2022Problemas de sa\u00fade<br \/><\/b>preenchimento do formul\u00e1rio de solicita\u00e7\u00e3o de devolu\u00e7\u00e3o da taxa de inscri\u00e7\u00e3o + c\u00f3pia do atestado m\u00e9dico + c\u00f3pia do comprovante de pagamento.<\/p><p><b>\u2022Duplicidade de pagamento\u00a0<br \/><\/b><span style=\"color: var( --e-global-color-text );\">preenchimento do formul\u00e1rio de solicita\u00e7\u00e3o de devolu\u00e7\u00e3o da taxa de inscri\u00e7\u00e3o + c\u00f3pias dos comprovantes\u00a0de\u00a0pagamento.<\/span><\/p><h2 style=\"text-align: center;\"><b>Para solicitar a devolu\u00e7\u00e3o preencha o formul\u00e1rio abaixo:<\/b><\/h2>\t\t\t\t\t\t\t\t<\/div>\n\t\t\t\t<\/div>\n\t\t\t\t\t<\/div>\n\t\t<\/div>\n\t\t\t\t\t<\/div>\n\t\t<\/section>\n\t\t\t\t<section class=\"elementor-section elementor-top-section elementor-element elementor-element-8e164be elementor-section-boxed elementor-section-height-default elementor-section-height-default\" data-id=\"8e164be\" data-element_type=\"section\">\n\t\t\t\t\t\t<div class=\"elementor-container elementor-column-gap-default\">\n\t\t\t\t\t<div class=\"elementor-column elementor-col-100 elementor-top-column elementor-element elementor-element-70f696d\" data-id=\"70f696d\" data-element_type=\"column\">\n\t\t\t<div class=\"elementor-widget-wrap elementor-element-populated\">\n\t\t\t\t\t\t<div class=\"elementor-element elementor-element-872100e elementor-widget elementor-widget-shortcode\" data-id=\"872100e\" data-element_type=\"widget\" data-widget_type=\"shortcode.default\">\n\t\t\t\t<div class=\"elementor-widget-container\">\n\t\t\t\t\t\t\t<div class=\"elementor-shortcode\">\n<div class=\"wpcf7 no-js\" id=\"wpcf7-f3577-o1\" lang=\"pt-PT\" dir=\"ltr\" data-wpcf7-id=\"3577\">\n<div class=\"screen-reader-response\"><p role=\"status\" aria-live=\"polite\" aria-atomic=\"true\"><\/p> <ul><\/ul><\/div>\n<form action=\"\/brasileiro2025\/wp-json\/wp\/v2\/pages\/2659#wpcf7-f3577-o1\" method=\"post\" class=\"wpcf7-form init\" aria-label=\"Formul\u00e1rio de contacto\" enctype=\"multipart\/form-data\" novalidate=\"novalidate\" data-status=\"init\">\n<fieldset class=\"hidden-fields-container\"><input type=\"hidden\" name=\"_wpcf7\" value=\"3577\" \/><input type=\"hidden\" name=\"_wpcf7_version\" value=\"6.1.3\" \/><input type=\"hidden\" name=\"_wpcf7_locale\" value=\"pt_PT\" \/><input type=\"hidden\" name=\"_wpcf7_unit_tag\" value=\"wpcf7-f3577-o1\" \/><input type=\"hidden\" name=\"_wpcf7_container_post\" value=\"0\" \/><input type=\"hidden\" name=\"_wpcf7_posted_data_hash\" value=\"\" \/>\n<\/fieldset>\n<p><label> Nome completo:<br \/>\n<span class=\"wpcf7-form-control-wrap\" data-name=\"your-name\"><input size=\"40\" maxlength=\"400\" class=\"wpcf7-form-control wpcf7-text wpcf7-validates-as-required\" autocomplete=\"name\" aria-required=\"true\" aria-invalid=\"false\" value=\"\" type=\"text\" name=\"your-name\" \/><\/span> <\/label>\n<\/p>\n<p><label> CPF:<br \/>\n<span class=\"wpcf7-form-control-wrap\" data-name=\"your-cpf\"><input size=\"40\" maxlength=\"400\" class=\"wpcf7-form-control wpcf7-text wpcf7-validates-as-required\" autocomplete=\"cpf\" aria-required=\"true\" aria-invalid=\"false\" value=\"\" type=\"text\" name=\"your-cpf\" \/><\/span> <\/label>\n<\/p>\n<p><label> Seu email utilizado na inscri\u00e7\u00e3o do congresso:<br \/>\n<span class=\"wpcf7-form-control-wrap\" data-name=\"your-email\"><input size=\"40\" maxlength=\"400\" class=\"wpcf7-form-control wpcf7-email wpcf7-validates-as-required wpcf7-text wpcf7-validates-as-email\" autocomplete=\"email\" aria-required=\"true\" aria-invalid=\"false\" value=\"\" type=\"email\" name=\"your-email\" \/><\/span> <\/label>\n<\/p>\n<p><label> Seu Whatsapp:<br \/>\n<span class=\"wpcf7-form-control-wrap\" data-name=\"Whatsapp\"><input size=\"40\" maxlength=\"400\" class=\"wpcf7-form-control wpcf7-tel wpcf7-validates-as-required wpcf7-text wpcf7-validates-as-tel\" autocomplete=\"tel\" aria-required=\"true\" aria-invalid=\"false\" value=\"\" type=\"tel\" name=\"Whatsapp\" \/><\/span> <\/label>\n<\/p>\n<p><label> Cidade\/EStado:<br \/>\n<span class=\"wpcf7-form-control-wrap\" data-name=\"your-cidade-UF\"><input size=\"40\" maxlength=\"400\" class=\"wpcf7-form-control wpcf7-text wpcf7-validates-as-required\" autocomplete=\"name\" aria-required=\"true\" aria-invalid=\"false\" value=\"\" type=\"text\" name=\"your-cidade-UF\" \/><\/span> <\/label>\n<\/p>\n<p><label> Data inscri\u00e7\u00e3o:<br \/>\n<span class=\"wpcf7-form-control-wrap\" data-name=\"your-data\"><input class=\"wpcf7-form-control wpcf7-date wpcf7-validates-as-date\" autocomplete=\"data\" aria-invalid=\"false\" value=\"\" type=\"date\" name=\"your-data\" \/><\/span> <\/label>\n<\/p>\n<p><label> Qual modalidade de sua inscri\u00e7\u00e3o:<br \/>\n- Profissional associado<br \/>\n- Profissional n\u00e3o associado<br \/>\n- Estudante associado<br \/>\n- Estudante n\u00e3o associado<br \/>\n- Institui\u00e7\u00e3o parceira<br \/>\n<span class=\"wpcf7-form-control-wrap\" data-name=\"Modalidade\"><input size=\"40\" maxlength=\"400\" class=\"wpcf7-form-control wpcf7-text wpcf7-validates-as-required\" aria-required=\"true\" aria-invalid=\"false\" value=\"\" type=\"text\" name=\"Modalidade\" \/><\/span> <\/label>\n<\/p>\n<p><label> Qual forma de pagamento:<br \/>\n- Pix<br \/>\n- Cart\u00e3o de cr\u00e9dito<br \/>\n- Boleto<br \/>\n<span class=\"wpcf7-form-control-wrap\" data-name=\"Pagamento\"><input size=\"40\" maxlength=\"400\" class=\"wpcf7-form-control wpcf7-text wpcf7-validates-as-required\" aria-required=\"true\" aria-invalid=\"false\" value=\"\" type=\"text\" name=\"Pagamento\" \/><\/span> <\/label>\n<\/p>\n<p><label> Qual motivo de sua disist\u00eancia:<br \/>\n<span class=\"wpcf7-form-control-wrap\" data-name=\"Motivo\"><input size=\"40\" maxlength=\"400\" class=\"wpcf7-form-control wpcf7-text wpcf7-validates-as-required\" aria-required=\"true\" aria-invalid=\"false\" value=\"\" type=\"text\" name=\"Motivo\" \/><\/span> <\/label>\n<\/p>\n<p><label> Caso a desist\u00eancia seja por motivo de sa\u00fade, encaminhe os relatorios m\u00e9dicos: (tamanho m\u00e1ximo 25Mb)<br \/>\n<span class=\"wpcf7-form-control-wrap\" data-name=\"file-601\"><input size=\"40\" class=\"wpcf7-form-control wpcf7-file\" accept=\".pdf,.jpg,.png\" aria-invalid=\"false\" type=\"file\" name=\"file-601\" \/><\/span> <\/label>\n<\/p>\n<p><span class=\"wpcf7-form-control-wrap\" data-name=\"Aceite\"><span class=\"wpcf7-form-control wpcf7-acceptance\"><span class=\"wpcf7-list-item\"><label><input type=\"checkbox\" name=\"Aceite\" value=\"1\" aria-invalid=\"false\" \/><span class=\"wpcf7-list-item-label\">Declaro que li e estou ciente da pol\u00edtica de cancelamento e dos prazos de reembolso no link  https:\/\/congressosbpo.com.br\/brasileiro2025\/politicas-de-desistencia\/<\/span><\/label><\/span><\/span><\/span>\n<\/p>\n<p><label> Gostaria de deixar algum coment\u00e1rio ou sugest\u00e3o para organiza\u00e7\u00e3o do congresso?<br \/>\n<span class=\"wpcf7-form-control-wrap\" data-name=\"comentario\"><textarea cols=\"40\" rows=\"10\" maxlength=\"2000\" class=\"wpcf7-form-control wpcf7-textarea\" aria-invalid=\"false\" name=\"comentario\"><\/textarea><\/span> <\/label>\n<\/p>\n<p><label><br \/>\n<input class=\"wpcf7-form-control wpcf7-submit has-spinner\" type=\"submit\" value=\"Finalizar solicita\u00e7\u00e3o\" \/><\/label>\n<\/p><div class=\"wpcf7-response-output\" aria-hidden=\"true\"><\/div>\n<\/form>\n<\/div>\n<\/div>\n\t\t\t\t\t\t<\/div>\n\t\t\t\t<\/div>\n\t\t\t\t\t<\/div>\n\t\t<\/div>\n\t\t\t\t\t<\/div>\n\t\t<\/section>\n\t\t\t\t<\/div>\n\t\t","protected":false},"excerpt":{"rendered":"<p>IN\u00cdCIO PROGRAMA\u00c7\u00c3O INSCRI\u00c7\u00d5ES Congresso Curso Pr\u00e9-congresso Prova t\u00edtulo TRABALHOS CIENT\u00cdFICOS Sugest\u00e3o Hospedagem ASSOCIAR SBPO POL\u00cdTICA DE DESIST\u00caNCIA SOBRE Hamburger Toggle Menu Desist\u00eancia e Reembolso Pol\u00edtica de devolu\u00e7\u00e3o\u00a0\u00a0 \u2022 Em caso de comunica\u00e7\u00e3o e justificativa formal de desist\u00eancia de participa\u00e7\u00e3o, a devolu\u00e7\u00e3o de valores pagos ser\u00e1 efetuada at\u00e9 45 dias \u00fateis ap\u00f3s a realiza\u00e7\u00e3o do congresso. &hellip; <\/p>\n<p class=\"link-more\"><a href=\"https:\/\/congressosbpo.com.br\/brasileiro2025\/politicas-de-desistencia\/\" class=\"more-link\">Continuar a ler <span class=\"screen-reader-text\">&#8220;Pol\u00edticas de desist\u00eancia&#8221;<\/span><\/a><\/p>\n","protected":false},"author":1,"featured_media":0,"parent":0,"menu_order":0,"comment_status":"closed","ping_status":"closed","template":"elementor_canvas","meta":{"footnotes":""},"class_list":["post-2659","page","type-page","status-publish","hentry"],"_links":{"self":[{"href":"https:\/\/congressosbpo.com.br\/brasileiro2025\/wp-json\/wp\/v2\/pages\/2659","targetHints":{"allow":["GET"]}}],"collection":[{"href":"https:\/\/congressosbpo.com.br\/brasileiro2025\/wp-json\/wp\/v2\/pages"}],"about":[{"href":"https:\/\/congressosbpo.com.br\/brasileiro2025\/wp-json\/wp\/v2\/types\/page"}],"author":[{"embeddable":true,"href":"https:\/\/congressosbpo.com.br\/brasileiro2025\/wp-json\/wp\/v2\/users\/1"}],"replies":[{"embeddable":true,"href":"https:\/\/congressosbpo.com.br\/brasileiro2025\/wp-json\/wp\/v2\/comments?post=2659"}],"version-history":[{"count":10,"href":"https:\/\/congressosbpo.com.br\/brasileiro2025\/wp-json\/wp\/v2\/pages\/2659\/revisions"}],"predecessor-version":[{"id":3580,"href":"https:\/\/congressosbpo.com.br\/brasileiro2025\/wp-json\/wp\/v2\/pages\/2659\/revisions\/3580"}],"wp:attachment":[{"href":"https:\/\/congressosbpo.com.br\/brasileiro2025\/wp-json\/wp\/v2\/media?parent=2659"}],"curies":[{"name":"wp","href":"https:\/\/api.w.org\/{rel}","templated":true}]}}